 Calculate the remainder when 31 is divided by m.
9
Suppose 0 = 18*n - 137 + 11. Calculate the remainder when 47 is divided by n.
5
Suppose 4*b = -5*k + 104, 0 = -3*k - b + 5*b + 88. What is the remainder when 2315/25 + 2/5 is divided by k?
21
Let d = 122 - 110. What is the remainder when (38 - 7) + (-2)/1 is divided by d?
5
Let c(r) = 19*r - r**3 + 25 - 21*r - 24. Calculate the remainder when c(-3) is divided by 19.
15
Suppose -124 = -3*x + 86. Let d = 1 + x. Suppose -3*y + n + 53 = 0, -3*y + 17 = -2*n - 35. What is the remainder when d is divided by y?
17
Calculate the remainder when ((-363)/4)/((-12)/48) is divided by 94.
81
Let v(o) = 2*o**2 + 2*o + 5. Let u = -119 + 202. What is the remainder when u is divided by v(3)?
25
Suppose 5*g + f = 668, 5*g - 10*f + 14*f = 677. What is the remainder when g is divided by 18?
7
Let t(a) = -a**3 - 22*a**2 - 23*a - 32. What is the remainder when 2 + 1 + 62/2 is divided by t(-21)?
4
Suppose 0 = -4*h - 2*v + 153 + 357, 3*h = -v + 385. Calculate the remainder when h is divided by 12.
10
Calculate the remainder when 51 is divided by (-2 + 3)*-27*27/(-27).
24
Let x = 405 + -363. What is the remainder when 167 is divided by x?
41
Let g = 1733 + -1652. What is the remainder when 320 is divided by g?
77
Suppose 0*o = 4*o - 5*i - 636, -20 = -5*i. Suppose -z + 162 = 2*z + 5*x, z - 3*x = 40. Calculate the remainder when z is divided by (-6)/(-10) + 1/(10/o).
15
Let w = -100 - -99. Let v(c) = -18*c - 2. What is the remainder when v(w) is divided by 9?
7
Let c(w) = 2*w**2 - 6*w + 46. Calculate the remainder when c(10) is divided by 63.
60
Calculate the remainder when 92 is divided by -2 - ((-962)/26 - (0 - 3)).
28
Let l be 1/2 - 71/(-2). Let b be 2/(-5) + l/15. Suppose -b*x - 40 = -6*x. What is the remainder when 29 is divided by x?
9
Let u(m) = 2*m**2 + 13*m - 4. Let q be u(-7). Suppose s - 28 = -s + 4*y, q*s - 5*y - 38 = 0. Calculate the remainder when 27 is divided by s.
3
Suppose 0 = 17*z - 13*z - 64. Suppose z = s - 3*c, -c - c = 4*s - 8. Calculate the remainder when s is divided by 3.
1
Suppose -4*o + 3*x = -67, 5*o - 9*o = x - 79. What is the remainder when 169 is divided by o?
17
Let t be 9/2*4/(-6). Let c = t + 15. Calculate the remainder when 21 is divided by c.
9
Let m = -47 + 88. Calculate the remainder when m is divided by 3.
2
Suppose -96 + 168 = 6*a. Suppose -2*r = -3*r - 2. What is the remainder when (r + 3)*0 + 46 is divided by a?
10
Suppose -11*w - 415 = -15*w - 3*l, -421 = -4*w - l. What is the remainder when 1907 is divided by w?
105
Let s(u) = -3*u**3 + 2*u**2 - 4. What is the remainder when s(-3) is divided by 35 - -28*(-6)/(-12)?
46
Let q be (-6)/8 + (-69)/(-92). Suppose q*f = -f + 76. Calculate the remainder when f is divided by 26.
24
Let k = 315 - 312. What is the remainder when 26 is divided by k?
2
Calculate the remainder when 89 is divided by ((-130)/(-2) + -5 + 2)/2.
27
Let x = -490 - -695. What is the remainder when x is divided by 71?
63
What is the remainder when 20 is divided by (1 - -2)*(-216)/(-81)?
4
Let h be 186*(-2 - 7/(-3)). Suppose -d + 5*x + h = 14, 0 = d - 3*x - 58. Suppose 58 = 4*r + l - 43, -3 = -3*l. What is the remainder when d is divided by r?
23
Suppose -3*d + 28 = d. Let x be 24/1 + (2 - -2). Suppose 2*t = -3*k + 57, k = 2*t - x - 25. What is the remainder when t is divided by d?
6
Calculate the remainder when 1283 is divided by ((-2)/(-6))/(10/9630*3).
106
Let v(w) = 19*w + 2. Let r be v(4). Let u = r - 33. What is the remainder when u is divided by 24?
21
Let r(q) = 5*q**2 + 8*q - 7. What is the remainder when r(-3) is divided by 7?
0
Let m(f) = f**3 + 5*f**2 + 5*f - 2. Let n be m(-3). What is the remainder when n/(0 + (-4)/(-268)) is divided by 23?
21
What is the remainder when (-9)/((-18)/22) + 0/1 is divided by 2?
1
Suppose 5*q = -3*s + 223, -2*q - 3*q - 61 = -s. Calculate the remainder when s is divided by 12.
11
Let n(o) = o**3 - 18*o**2 + 16*o + 1. Let m be n(17). Let l be ((-392)/m)/(2/4). Let i = l - 10. What is the remainder when i is divided by 14?
11
Let c(w) = w**3 - 7*w**2 - 10*w + 13. Calculate the remainder when c(11) is divided by 78.
75
Let h = -68 - -162. Let c = -60 + h. What is the remainder when 167 is divided by c?
31
Let w(t) = -t + 34. Calculate the remainder when (2 - 44 - 1)*-1 + 2 is divided by w(11).
22
Let x(b) = -b**2 - b + 5. Suppose 0 = -11*w + 1069 - 1047. What is the remainder when x(0) is divided by w?
1
Let c(m) = -12*m + 480. Calculate the remainder when c(25) is divided by 47.
39
Let z = -97 + 61. Let k be (4/(-3))/(8/z). What is the remainder when 67 is divided by 136/k - (-1)/3?
21
Let h(q) = -q**3 - 9*q**2 - 14*q + 2. Let w be h(-10). Let z = -112 + w. Calculate the remainder when z is divided by 33.
31
Suppose 3*k + 4*f = 9*f + 48, 27 = 2*k - 5*f. What is the remainder when k is divided by 8?
5
Let k = -1562 + 1578. Suppose -94 = -3*o + 5*b + 149, 5*b = -3*o + 213. Calculate the remainder when o is divided by k.
12
Let b = -20 + 28. Suppose -528 = -4*s - b*s. What is the remainder when s is divided by 15?
14
Let q = 224 + -115. Calculate the remainder when q is divided by (-20)/14 + 2 + (-1785)/(-49).
35
Calculate the remainder when (-2)/(-7) - ((-46228)/98 + 1) is divided by 32.
23
Let d = -122 - -296. Suppose -114 = -4*s + d. Suppose 2*g = -17 + 55. Calculate the remainder when s is divided by g.
15
Let o(y) = -3*y - 3. Let s be o(-2). Let z = 1 + s. Calculate the remainder when (2*-1)/((-18)/135) is divided by z.
3
Let k(u) = -9*u + 14. Let n = 54 - 61. Calculate the remainder when k(n) is divided by -30*2/3*-1.
17
Let d be (-3)/(3/(-2)) + 35. Suppose c - 26 - d = 0. Suppose 2*z - 71 + 7 = 0. What is the remainder when c is divided by z?
31
Suppose -16*s + 732 + 260 = 0. What is the remainder when 619 is divided by s?
61
Let y(t) = -t**3 + 6*t - 14. Let d(c) = -2*c**3 + c**2 + 13*c - 29. Let k(b) = -2*d(b) + 5*y(b). What is the remainder when k(-5) is divided by 15?
13
Calculate the remainder when 159 is divided by -1 + (-12)/(-9) - (-295)/15.
19
Let a = 1150 + -1133. Calculate the remainder when 356 is divided by a.
16
Let c(p) be the first derivative of p**3/3 + p**2 - p + 3. Calculate the remainder when (-10)/30 - ((-714)/9)/7 is divided by c(-4).
4
Let q(y) = y**3 + 8*y**2 + 3*y + 93. What is the remainder when q(-7) is divided by 31?
28
What is the remainder when 323/5 - -1 - 46/(-115) is divided by 35?
31
Suppose 0 = -2*w + 20 - 26, 4*i + 2*w - 10 = 0. Calculate the remainder when 6 is divided by i.
2
Suppose -190 = 20*i - 3150. Calculate the remainder when i is divided by 15.
13
Let g be (-31)/3*(10 - 13). Let q = -16 + g. Calculate the remainder when 28 is divided by q.
13
Suppose -3*o = y - 82, 0 = -5*y + 4*y + 3*o + 106. Calculate the remainder when y is divided by 46.
2
Let v = -10 - -13. Suppose 5*t = 4*u + 17, 8 = -v*u + 3*t - 1. Suppose h - 3 = -u. Calculate the remainder when 1 is divided by h.
0
Let c = -51 - -31. Let o = -22 - c. Calculate the remainder when 30 is divided by o - (1 + -1) - -18.
14
Suppose -69*p + 396 = 120. Let k(f) = 0 - 3 + 14*f**2 + 2. What is the remainder when k(1) is divided by p?
1
Suppose -3*p = -3*j - 13 + 1, -8 = -p - 3*j. Suppose -3*z = -5*l - 46 - 68, 2*z - 76 = p*l. What is the remainder when z is divided by 20 + (-1 - -1 - 0)?
18
Suppose 2*m = 5 + 203. Let k = m + -50. What is the remainder when k is divided by 11?
10
Let b be (-39)/(-234) - (-1)/(6/707). Suppose -g = -3*s + b, -3*s + 2*g = -6*s + 106. Calculate the remainder when 149 is divided by s.
35
Suppose 48 = 12*q - 6*q. Calculate the remainder when 69 is divided by 20/(-6)*(-84)/q.
34
Let d = 0 - -1. Let z = -28 - -32. Suppose 0 = z*f + 12 - 16. Calculate the remainder when d is divided by f.
0
Let r be 2/3 + (-8)/12. Let m be 9/2 + (-2)/(-4). Suppose r = -5*h, -x + 6 + 25 = -m*h. What is the remainder when x is divided by 11?
9
Let h = 92 - 51. Calculate the remainder when 95 is divided by h.
13
Let x(i) = 2*i**3 + 5*i**2 - i - 1. Let r be x(3). Let h = 144 - r. Calculate the remainder when h is divided by 17.
15
Suppose 3*q + 0*n = 2*n + 20, 5 = -5*n. What is the remainder when 114 is divided by 364/65 + (q/5)/(-2)?
4
Let c = 249 + -240. What is the remainder when 321 is divided by c?
6
Let p = 40 + -38. C